 4, what is -11330231101 - -3?
-11330231032
In base 4, what is -2 - -1132210?
1132202
In base 14, what is 12da0 + 11?
12db1
In base 9, what is 468660 - 3?
468656
In base 8, what is 13 + -17001?
-16766
In base 16, what is -253 - -2f?
-224
In base 4, what is -30103221 - -1?
-30103220
In base 8, what is 540534 - 2?
540532
In base 5, what is 222 + -12331?
-12104
In base 6, what is 10221 - -44?
10305
In base 16, what is -d2 + -19?
-eb
In base 9, what is 42 + -6536?
-6484
In base 16, what is 4 - c8254?
-c8250
In base 11, what is -1296543 - 1?
-1296544
In base 12, what is 69a - 2a?
670
In base 12, what is 5 - -15343?
15348
In base 14, what is -3a52 - 13?
-3a65
In base 11, what is 49 - -1451?
149a
In base 4, what is -2231001 + 10?
-2230331
In base 11, what is 4584 + 14?
4598
In base 6, what is 11412105 - -2?
11412111
In base 16, what is -33f7b6 + 5?
-33f7b1
In base 5, what is -204 + 14242?
14033
In base 10, what is -2 - 914571?
-914573
In base 5, what is 13 + -330111?
-330043
In base 16, what is 13 + -c1?
-ae
In base 5, what is 113000232 + 21?
113000303
In base 3, what is 112200002001 + -10?
112200001221
In base 15, what is 15b8 - -1e?
15d7
In base 5, what is 431132 - -104?
431241
In base 5, what is 22403 + -40?
22313
In base 5, what is -14224412 + -1?
-14224413
In base 3, what is -2001012 + -12111?
-2020200
In base 11, what is -3 + -a0331?
-a0334
In base 4, what is 133130 - 223?
132301
In base 2, what is -11 + 10100011111011110101?
10100011111011110010
In base 5, what is 1032043 - -30?
1032123
In base 15, what is 9e0 + -7?
9d8
In base 4, what is -102 + -131221?
-131323
In base 8, what is 33 - 506?
-453
In base 11, what is 27 + 5142?
5169
In base 9, what is -7 - -401865?
401857
In base 5, what is -4411043 - -1?
-4411042
In base 11, what is -6 - 2059a3?
-2059a9
In base 13, what is b9 + -149?
-60
In base 10, what is 10375 - -15?
10390
In base 2, what is 10100011010 + 111001?
10101010011
In base 10, what is 28 - -8158?
8186
In base 2, what is 1010011010101000 - 101?
1010011010100011
In base 15, what is -9a + a9d7?
a93c
In base 16, what is -9835a + -2?
-9835c
In base 6, what is -1045253 + 242?
-1045011
In base 13, what is -280 + -578?
-828
In base 14, what is 185aa + -1?
185a9
In base 7, what is -43323 + 30?
-43263
In base 5, what is -2123112 - 10?
-2123122
In base 6, what is 3524 - 0?
3524
In base 9, what is -2220472 - 4?
-2220476
In base 14, what is -5 - 4c91?
-4c96
In base 15, what is -2e - -cc5c?
cc2d
In base 9, what is 25 - -1212?
1237
In base 2, what is -1 + 1111010000000001000?
1111010000000000111
In base 2, what is 111111010 + -100000?
111011010
In base 2, what is 1010010011001 - -11?
1010010011100
In base 15, what is -2570 + -8?
-2578
In base 12, what is -17670 - 5?
-17675
In base 11, what is -546a + 4?
-5466
In base 14, what is -d7c5 - 1?
-d7c6
In base 13, what is 101 + 43?
144
In base 10, what is 13 - -11795?
11808
In base 5, what is 103301 + 3?
103304
In base 16, what is -1bc - 26?
-1e2
In base 13, what is 50ca7 + 2?
50ca9
In base 10, what is -3711 + 2?
-3709
In base 15, what is 526 + 98?
5be
In base 6, what is 3 - -144513?
144520
In base 10, what is -17597 + 2?
-17595
In base 3, what is 10222220211 - -11?
10222220222
In base 12, what is -98a81 - -3?
-98a7a
In base 6, what is -44025 + 404?
-43221
In base 9, what is -60737 + -138?
-60876
In base 6, what is 211 - -214?
425
In base 14, what is -3 - -32d50?
32d4b
In base 13, what is -2048 + -91?
-2109
In base 5, what is 3210323 + -20?
3210303
In base 8, what is 742 + 3033?
3775
In base 14, what is 1ac47 + -3?
1ac44
In base 2, what is -1 - -100101011111110?
100101011111101
In base 12, what is -2228a7 - 0?
-2228a7
In base 8, what is 336 + 7146?
7504
In base 15, what is 8529d0 - 0?
8529d0
In base 6, what is 13 + 1242?
1255
In base 9, what is 12 + -208248?
-208236
In base 13, what is 1b1b - 6?
1b15
In base 7, what is -6155113 + 3?
-6155110
In base 5, what is 4 + 134320?
134324
In base 12, what is 1062a6 + -3?
1062a3
In base 13, what is 1c - 2c476?
-2c457
In base 4, what is 0 + -2111320?
-2111320
In base 16, what is ac + -c5?
-19
In base 7, what is -5 + 140045?
140040
In base 5, what is 113 - 124314?
-124201
In base 8, what is -351 + -3174?
-3545
In base 15, what is 2c5 + -95?
230
In base 14, what is 648 + 5b?
6a5
In base 7, what is -16 - 10405?
-10424
In base 16, what is 0 + -ec412?
-ec412
In base 10, what is 1 + 47416?
47417
In base 11, what is 118073a - -3?
1180742
In base 9, what is -2450650 + 5?
-2450644
In base 3, what is -221000021 - 0?
-221000021
In base 13, what is -7136 + 85?
-7081
In base 11, what is 1a6 + -12a?
77
In base 15, what is caa + 2d?
cd8
In base 3, what is -10 - 12220222021?
-12220222101
In base 13, what is -bc30b + -4?
-bc312
In base 3, what is 1001 + -1202220?
-1201212
In base 15, what is 3a7d + -66?
3a17
In base 2, what is 1101111011101 + 111010?
1110000010111
In base 9, what is 2 - 2103?
-2101
In base 6, what is -51003 - -5?
-50554
In base 7, what is 6335 + 250?
6615
In base 15, what is 1d - -395?
3b3
In base 13, what is c2 + -19b?
-a9
In base 4, what is 1131032320 + -1?
1131032313
In base 16, what is 5 - 1619e?
-16199
In base 13, what is -5 - 132844?
-132849
In base 6, what is 4 - -12050104?
12050112
In base 8, what is -3 - 6041?
-6044
In base 9, what is -326 + -8037?
-8364
In base 5, what is 114424 + -322?
114102
In base 12, what is 187756 - -3?
187759
In base 14, what is b9 + 115?
1d0
In base 12, what is b4 - -201?
2b5
In base 9, what is 82744 - -8?
82753
In base 8, what is -3 - 23124?
-23127
In base 4, what is -2 + -1033301?
-1033303
In base 16, what is -1957 - 9?
-1960
In base 16, what is 7717 + 7?
771e
In base 3, what is 1002100122100 - 10?
1002100122020
In base 4, what is -3310303 - 120?
-3311023
In base 15, what is 43d4 - -4?
43d8
In base 2, what is -10001101 - 111110101110?
-1000000111011
In base 3, what is -1112 + 1011111?
1002222
In base 5, what is 113 - -4013?
4131
In base 6, what is 10053 + -101?
5552
In base 4, what is -1 - 30322321?
-30322322
In base 11, what is 1aa72 + -1?
1aa71
In base 13, what is 2 - 4a86a?
-4a868
In base 5, what is 2011 + 1041233?
1043244
In base 7, what is -20 - -262365?
262345
In base 6, what is -20520522 - -3?
-20520515
In base 14, what is 0 - 43105?
-43105
In base 13, what is -162 + -1c0?
-352
In base 15, what is -1bb4 + -28?
-1bdc
In base 4, what is -1331 + 20112?
12121
In base 11, what is 142 + -2593?
-2451
In base 11, what is 2063 + -594?
157a
In base 14, what is -b + -424?
-431
In base 12, what is 2 + 1248a?
12490
In base 12, what is -17 - 18a?
-1a5
In base 4, what is 2003 - -1331?
10000
In base 9, what is 133757 + 0?
133757
In base 2, what is -10001111010100 - 1000100?
-10010000011000
In base 14, what is 96b53 + 1?
96b54
In base 15, what is -48111 + 0?
-48111
In base 16, what is 42acf - 3?
42acc
In base 10, what is -1 - -121505?
121504
In base 10, what is 222 - -3880?
4102
In base 9, what is 5 - -131160?
131165
In base 9, what is -61 + 5834?
5763
In base 10, what is -1 + -97979?
-97980
In base 6, what is -5 - 3134141?
-3134150
In base 10, what is -1455 - 43?
-1498
In base 12, what is -2874b + -15?
-28764
In base 12, what is -5b93 + -a?
-5ba1
In base 9, what is -370 + -40?
-420
In base 4, what is 31302 + 2132?
100100
In base 13, what is c057 - 14?
c043
In base 14, what is 4 - -112533?
112537
In base 15, what is -123 + -123d?
-1361
In base 5, what is 4 + -13413241?
-13413232
In base 10, what is -887516 - -2?
-887514
In base 5, what is -1030040 - 12?
-1030102
In base 16, what is e09 + -9?
e00
In base 12, what is -1 + -a563?
-a564
In base 7, what is 3605 - 544?
3031
In base 12, what is 2 + 7bb8?
7bba
In base 8, what is 565325 - 2?
565323
In base 16, what is 57 + -aed?
-a96
In base 9, what is 201 - -2116?
2317
In base 8, what is 57100 + -2?
57076
In base 2, what is -10110000110 - 100001001?
-11010001111
In base 15, what is -1a4 + 49?
-15a
In base 2, what is 110010001010011110 - -101?
110010001010100011
In base 11, what is a3 + -697?
-5a4
In base 11, what is 12 - -4a401?
4a413
In base 10, what is 4 - -172084?
172088
In base 11, what is 5170 - -2?
5172
In base 14, what is 1 + -161415?
-161414
In base 12, what is -15719 - -3?
-15716
In base 5, what is 0 - -14033?
14033
In base 16, what is 0 + 3c71?
3c71
In base 15, what is -1 - -2b68b?